e
Let m = 10744 - 3245. Is m a composite number?
False
Let q(h) = -h**3 + 7*h**2 + h - 7. Let x be q(7). Suppose -9 - 3 = -6*w. Suppose x = w*r + 4*n - 1054, 311 = 4*r + n - 1762. Is r a prime number?
False
Suppose 9722 = -4*l + 34910. Is l a prime number?
False
Suppose -9*z - 4*k + 65503 = -4*z, 5*k = -z + 13109. Is z a prime number?
True
Suppose 5*z - 3621 = 2194. Is z composite?
False
Suppose 13*s + 7 = 7. Suppose 7*g - g - 1146 = s. Is g a composite number?
False
Let q(k) = 2*k**2 - 2*k - 3. Suppose 4*a - 40 = -a. Let b = -11 + a. Is q(b) prime?
False
Suppose -43 = -5*z + 47. Suppose 0 = 5*a - z - 32. Is (-51)/(-1) - a/5 prime?
False
Suppose -x - 4*x = -40. Let n(o) = -2*o**3 - 16*o**2 - 11*o - 12. Let d be n(-10). Suppose x*q - d = 2*q. Is q prime?
True
Suppose -3*i - 5*b + 181 + 1380 = 0, 1543 = 3*i - 4*b. Is i a prime number?
False
Let s(n) = -4*n + 18. Let b be s(-8). Let u be 3/(-12) - (-107)/(-4). Let d = u + b. Is d composite?
False
Is (-8)/12*-3 - 383910/(-10) composite?
False
Let j(p) = 406*p**2 + 6*p - 143. Is j(8) composite?
False
Let w = -3 - 4. Let i be 103/w + (-2)/7. Is 3/15 + (-792)/i a prime number?
True
Let v be 10/4 - (-9)/(-18). Let s be v*2*(-2)/8. Let x(y) = -156*y**3 + 2*y**2 + 2*y + 1. Is x(s) a composite number?
False
Let n(h) = -h**3 + h - 1. Let f be n(-2). Suppose 24 = k - 5*k + b, 5*k - f*b = -30. Is 2/k + 80/6 composite?
False
Suppose 4*k - 20138 = -2*r, -5*r + 50338 = -0*r + 3*k. Suppose 2*u + r = 3*f, -25510 + 8761 = -5*f - 4*u. Is f prime?
False
Suppose 0 = -16*y + 27*y - 139865. Is y prime?
False
Let p be 2/(-4)*(-40)/(-10). Is p + 2 - 38/(-2) prime?
True
Let y(o) = -o**2 - o - 5 + 43 + o**3 + o. Let z be y(0). Let b = 45 + z. Is b composite?
False
Let j(d) = 24*d + 3. Suppose -13 = -5*h - 3*x, 3*h = 4*x + 1 + 1. Let i be j(h). Suppose 0*u = -u + i. Is u composite?
True
Suppose 0*p = p - 2*j - 745, -5*p - 5*j + 3770 = 0. Is (-1)/3*-6*p/2 composite?
False
Let c(n) be the second derivative of -n**5/20 - 3*n**4/4 - 2*n**3 - 11*n**2/2 + 6*n. Let b be c(-9). Suppose z - b = 256. Is z a prime number?
True
Suppose -4*f - 33 = -7*f. Suppose -f*y = -1483 - 1278. Is y a composite number?
False
Let f(d) be the second derivative of d**4/4 - 11*d**3/6 - 9*d**2/2 - 8*d. Is f(-13) composite?
False
Suppose -4*u + 16*u = 12. Is (130 - 0) + (-3)/u a prime number?
True
Let b(r) = -2*r + 9. Let l be b(0). Let h be (-1)/(24/l - 3). Is 875/10 - h/2 prime?
False
Suppose -41 = -4*t + 5*s - 0, 4*t = s + 21. Let h be t*-1*(-9)/12. Suppose 0*x + h*x = 237. Is x prime?
True
Let c be (1 - 8/6)/(14/(-138558)). Suppose -7*d = -8*d + c. Is d prime?
True
Suppose -5*t = 3*r + 3856 - 20315, 13180 = 4*t - 4*r. Is t composite?
True
Let w = -394 - -868. Suppose 0 = -5*u + 2*f + 1017, -5*f + w + 571 = 5*u. Is u composite?
True
Suppose 5*t + 44814 = -3*l + 305834, 20 = 4*l. Is t a prime number?
True
Let m(q) = q + 11. Let o be m(-8). Let w(c) = 9*c**2 + c + 5 - 2*c + c**o - 2 - 7*c. Is w(-8) a composite number?
False
Is (2/1 + 46368)*150/300 prime?
False
Suppose -4*p - 1269 = -2*b + 1449, 6802 = 5*b - 3*p. Is b a prime number?
True
Suppose 15*a = 17*a - 1750. Let t = -584 + a. Is t prime?
False
Let q = 4256 - -7307. Is q composite?
True
Let l(x) = -x**3 - 8*x**2 - 7*x + 2. Let n be l(-7). Let p be (-4 - (-7)/2)/((-1)/488). Suppose -2*r - 5*c = -p, 3*r + c = -n*c + 375. Is r prime?
True
Let m(a) = 36*a**2 + 7*a - 12. Is m(7) a prime number?
True
Suppose -n + 7 = 1. Suppose 109 = n*v - 47. Is v a prime number?
False
Let r(n) be the first derivative of 3*n**4/4 - n**3 + 5*n**2/2 - 15*n - 14. Is r(4) a prime number?
True
Let d(t) = 58*t - 26. Let n(h) = h**2 + 18*h + 13. Let a be n(-17). Let y(k) = -29*k + 13. Let l(c) = a*d(c) - 9*y(c). Is l(10) a composite number?
False
Suppose 696*u - 11658 = 690*u. Is u a prime number?
False
Is (-308)/(-33)*(-2)/(8/(-753)) a composite number?
True
Suppose 0 = 415*x - 422*x + 1437737. Is x a prime number?
True
Suppose 4*f - 24383 - 5981 = 0. Is f prime?
True
Suppose -11*r = -2*g - 6*r + 19827, -4*g = 3*r - 39693. Is g a prime number?
False
Let u = -2469 + 5329. Suppose -11*k = -7*k - u. Suppose 3*p - k - 206 = 0. Is p composite?
False
Let w = 144 + -95. Suppose 5*p = 2*x + w - 390, -x = -p - 169. Let f = 131 + x. Is f prime?
False
Let c = 10 + -8. Let o = c - 2. Suppose o = -0*u + 3*u - 177. Is u composite?
False
Suppose 0 = 3*u - 0*u - 4*d - 24, -3*d = -2*u + 17. Suppose 0*l + l = -u*h + 1999, 3*l = h + 5932. Is l a composite number?
False
Suppose -5*c = -14 - 61. Let k be (-5)/(-2)*(-24)/c. Let d(x) = 14*x**2 - 5*x + 7. Is d(k) prime?
True
Suppose -51506 = -19*z + 29795. Is z composite?
True
Suppose -3*t + 5*t = -2. Let i(b) = 42*b**3 + 2*b**2 + 2*b + 1. Let m be i(t). Let o = m + 130. Is o a composite number?
False
Let k be 132/(-21) + 6 - (-816)/14. Suppose k*p + 69 = 59*p. Is p composite?
True
Let s(q) = q**3 - 13*q**2 - 14*q + 3. Let z be s(14). Suppose -4*u + 301 = -3*u + 4*l, 3*l - 939 = -z*u. Is u composite?
False
Let f(r) = 144*r**2 + 6*r - 8. Is f(3) a composite number?
True
Let g = 247327 - 111150. Is g a composite number?
False
Suppose 17*d + 27269 = 342670. Is d prime?
True
Let h = -80 + 82. Suppose h*r = 4*j - 230, 3*j + r - 298 = -2*j. Is j a composite number?
False
Is (0 + (-553)/7)*(-1 - 6) a prime number?
False
Let f = 9269 - -17282. Is f a prime number?
False
Suppose 4*v + 4 = -2*z, 0 = -3*z - 5*v - 5. Suppose 5*i + 3 + 7 = z. Is (-3)/(i*(-6)/(-56)) composite?
True
Suppose 27*o - 1080569 = -2*o. Is o prime?
False
Suppose -3*h + 20286 = t, 4*h = 3*t - 4*t + 27047. Is h a prime number?
True
Let v = -1546 - -9965. Is v composite?
False
Let f(x) = 52*x**2 - x + 65. Is f(8) a composite number?
True
Let c = -221 + 370. Suppose m - 2*m + c = 0. Let a = m - 82. Is a a prime number?
True
Suppose -3*d + 47 = -25. Is (16/d)/((-6)/(-333)) composite?
False
Let o(i) = i**2 - 1. Let a(j) = -j**2 + 13*j - 1. Let t(f) = -a(f) + 6*o(f). Is t(-9) a composite number?
True
Suppose -2*q = 0, -2*f + 2*q + q + 10 = 0. Suppose -f*p - 1188 + 4343 = 0. Is p composite?
False
Let n be (-2)/2 - (-10 + 9). Is (-1)/((-4 - n)/1304) a composite number?
True
Let r = 13 - 12. Let v = 2 - r. Let i = v - -37. Is i a composite number?
True
Let v(q) = q**3 - 6*q**2 - 12*q + 4. Let u be 11 - 1 - 2/(-2)*3. Is v(u) a composite number?
False
Let o = 9468 - -3361. Is o a prime number?
True
Let b(w) = -4*w + 2018. Is b(0) prime?
False
Let u be 4/10 - (-258)/5. Let p be (3 + -1)*u - 3. Let t = p + -16. Is t composite?
True
Suppose -2*n = -3*d - 1286, 643 = -0*n + n - d. Suppose -778 - n = -7*i. Is i a prime number?
False
Let f(n) = 24*n**2 + 52*n - 101. Is f(-17) prime?
False
Let u be 25/9 + (-2)/(-9). Suppose -5*d = -3*h + 97, -2*d = -4*h - 57 + 191. Suppose 5*s - h = -u*m + 121, -m + s = -57. Is m prime?
False
Let x(a) be the second derivative of -a**5/10 - 11*a**4/12 - 25*a**3/6 - 15*a**2/2 + 4*a. Is x(-7) composite?
False
Let z(c) = -9 + 18*c**2 + 11*c**2 - 9*c**2 + 3*c. Is z(4) composite?
True
Suppose 0 = 26*m - 21*m - 25. Suppose -10*w + m*w = -15. Suppose -w*v + 2279 = h + 3*h, -2*v = 2*h - 1516. Is v composite?
True
Suppose -2*r = -8, r - 5098 = 3*z - 0*r. Let v = 3635 + z. Is v a composite number?
True
Let o = -3972 + 10001. Is o a composite number?
False
Let f = 19 - 22. Let j be (3 - 2)*(f - -6). Suppose -r = -2*r - 2*a + 201, -211 = -r + j*a. Is r a composite number?
True
Let y(w) = -22*w - 7. Let j(r) = -21*r - 8. Let u(a) = 6*j(a) - 7*y(a). Let f be 0 - (-3 + (1 - 0)). Is u(f) prime?
False
Let s = 51 - 31. Suppose 6*n - n + s = 0. Is 266/18 + n/(-18) a composite number?
True
Let x = 19 - 34. Let i = x - -72. Suppose 2*a = i + 61. Is a a composite number?
False
Let b = 9 + -4. Suppose 2*m = z - 6*z + b, 1 = m + z. Suppose -u = -19 - m. Is u prime?
True
Let w = -65 - -53. Is (-5615)/(-30) + 2/w a composite number?
True
Is 2*826 + -13 + (-72)/(-4) a prime number?
True
Let u = 114 - 80. Let n = u - 36. Let f = n + 53. Is f prime?
False
Let z = 20676 + 8731. Is z composite?
True
Let a = -21 - -17. Let j(p) = -p - 3. Let z be j(a). Is 176 + 8 + 2 + z a prime number?
False
Suppose -4*p + 2*o = -46, 3*p - 5*o = 54 - 2. Is (-20)/(-5) - p - -592 a prime number?
True
Suppose 11*o = 14*o - 12. Suppose 0 = 4*b - 16, o*a = -b + 1898 +